 = -2*f**2 - 11*f + 3. Suppose -64*o - 211 = 121 - 12. Calculate s(o).
8
Let t(c) be the second derivative of -c**5/120 + 7*c**4/24 - 49*c**3/6 - 10*c. Let w(m) be the second derivative of t(m). Calculate w(0).
7
Let m(r) be the first derivative of -r**2/2 + 6*r - 5. Let h(s) = -5*s + s - 7*s + 15*s - 17. Let d(k) = -6*h(k) - 17*m(k). Determine d(-1).
7
Let g be (-1 - -5)*(-1)/(-2). Let s(f) = -g + f**2 - 4 + 2 + 6. Let m(v) = -v**2 - 6*v + 249. Let k be m(-19). Calculate s(k).
6
Suppose 30 + 2 = 4*c. Suppose -c*m + 11*m - 6 = 0. Let f(l) = -3*l - 2. Determine f(m).
-8
Suppose 5*z - 1 = -3*u, 0 = -u + 52*z - 60*z + 13. Let a(c) = -9*c - 77. What is a(u)?
-50
Let g(c) = c + 5. Let t = -211 - -184. Let r(d) be the second derivative of -d**3/6 - 17*d**2 + 7*d. Let a be r(t). Determine g(a).
-2
Let v(x) be the second derivative of -13*x**3/3 + 3*x**2/2 - 1164*x. Calculate v(2).
-49
Let u be -16 + 16 + 4 + 0 + -7. Let t(a) = -7*a**2 + a + 5. What is t(u)?
-61
Let a be (42/(-35))/(-3*2/10). Let m(o) = -12 + 31 - a - 9 - o. Suppose 4 = -2*g - 4*t, 5*t + 4 = -4*g + t. Calculate m(g).
8
Let p(l) be the third derivative of l**6/120 + 11*l**5/60 - 5*l**4/8 - 7*l**3/3 + 1632*l**2. What is p(-12)?
22
Let z(q) = q**2 - 9*q + 7. Let t be z(9). Let g(p) = p**3 - 9*p**2 + 16*p + 10. Give g(t).
24
Suppose -4*y - 4*f = -29 + 17, 5*y = 4*f - 3. Let a(k) = -3*k + 14 + k**2 - 10 - y - 3. Calculate a(3).
0
Suppose -3*n - 40 = -2*r - 3*r, 0 = -2*n + 10. Suppose -r*y = -25 - 30. Let s(w) = -2*w + 5. Calculate s(y).
-5
Let n(b) = -42*b - 25. Let v(m) = 9*m - 2. Let i(j) = -2*n(j) - 10*v(j). What is i(12)?
-2
Suppose -12*p - 5*p + 85 = 0. Suppose -p*o = -2*w + 8, -22 = 5*w - 7*o + 5*o. Let a(k) = k**2 + 2*k - 6. Determine a(w).
18
Suppose 4*n = -2*x + 4, 0 = 3*n - 7*n - 12. Let o(r) = -r**2 + r + 64. Calculate o(x).
8
Let a = 0 - -3. Let b = a + -5. Let h(w) be the third derivative of -w**5/12 + w**4/24 + w**3/3 + 379*w**2 + 90*w. What is h(b)?
-20
Let q(h) = 33*h - 2. Let l be 4/(54/15 - (-16)/40 - 5). Calculate q(l).
-134
Let p(m) = -26*m + 18. Let d(g) = 61*g - 37. Let z(k) = 2*d(k) + 5*p(k). Give z(12).
-80
Let k(t) be the third derivative of -t**5/60 + t**4/8 - 2*t**3/3 + t**2. Let n = -729 - -747. Suppose -18*o + n + 54 = 0. Determine k(o).
-8
Let y(n) = -n - 11. Suppose -49*f + 52*f + 342 = 0. Let s = 108 + f. Calculate y(s).
-5
Let j(o) = 6*o - 90. Suppose 3*q + 5*i = -11 + 41, 7*q = 3*i + 114. Calculate j(q).
0
Let h = 1307 + -1306. Let y = -38 + 35. Let o(t) = 2*t**2 + 2*t + 2. Let s(c) = 3*c**2 + 4*c + 3. Let b(f) = y*s(f) + 5*o(f). Determine b(h).
0
Let n be (8/6)/(1/(-3)). Let o(g) = -2*g**3 - 205*g**2 - 2*g - 2. Let s(p) = -p**3 - 135*p**2 - p - 2. Let t(z) = 2*o(z) - 3*s(z). Determine t(n).
-10
Suppose -90 = -2*u - 3*u. Suppose -u*x + 2*x = -48. Let r(p) be the second derivative of -p**4/12 - p**2/2 - p. What is r(x)?
-10
Let g(o) be the first derivative of o**5/20 + 11*o**4/12 - 11*o**3/6 + 6*o**2 - 118*o - 43. Let d(w) be the first derivative of g(w). Determine d(-12).
0
Let t(a) be the third derivative of -29*a**4/12 + 56*a**3/3 + 99*a**2 - 10*a. Determine t(2).
-4
Let d(k) = 4*k - 18 - 13*k - 15 + 8 - k**2 - 6. Determine d(-5).
-11
Let b(g) = 16 - 458*g - 453*g + 915*g - 5 + 59. Give b(-16).
6
Let r(f) = 3*f**2 + 2*f + 7. Suppose -y - 4*w = 2, 0*y + 3*y + w - 5 = 0. Let g(x) = 7*x**2 + 2*x + 15. Let l(u) = y*g(u) - 5*r(u). Calculate l(-3).
4
Let d(f) be the second derivative of -f**5/20 - 5*f**4/6 + 5*f**3/3 + 45*f. Let c be (3 - (6 + -2))/((-16)/(-176)). Give d(c).
11
Let m(r) = 69*r + 34. Let l(w) = -335*w - 169. Let j(f) = 6*l(f) + 29*m(f). Determine j(6).
-82
Let k(p) be the second derivative of -p**4/12 + 8*p**3/3 - 9*p**2/2 + 1500*p. Calculate k(14).
19
Let s(d) = 20*d**2 - 40*d - 4. Let c(o) = o**2 - 17*o. Let v(n) = -2*c(n) + s(n). Give v(-1).
20
Let w(d) be the third derivative of -d**4/24 - d**3 + 569*d**2. Let r = -4 - -8. Suppose 4*c + 14 = -2, -i = -3*c - r. What is w(i)?
2
Let k(u) = -u - 6. Suppose 2*v - 125 = -147. Let c(n) = 2*n**2 + 23*n + 6. Let m be c(v). Give k(m).
-1
Let f(u) = u**3 - 2*u**2 - 8*u - 3. Suppose -3*q + 7*l + 8 = 8*l, -q + 16 = -3*l. Let j(y) = -y**3 + 3*y**2 + 10*y - 20. Let d be j(q). Calculate f(d).
-3
Suppose 25*a = 4 + 21. Let f(q) = 5*q - 3. Calculate f(a).
2
Let d(z) be the second derivative of z**6/24 + z**5/60 - z**4/24 - z**3/3 - 189*z**2/2 + 2*z - 7. Let y(v) be the first derivative of d(v). Determine y(-2).
-36
Let h(a) = 26 - 22*a - a**3 - 11 - 8*a**2 - 16. What is h(-5)?
34
Let x(w) = -5*w**2 + w + 8. Let u be x(1). Let k(r) be the third derivative of 5/24*r**u + 1/60*r**5 + 44*r**2 + 0 + 5/6*r**3 + 0*r. Determine k(-4).
1
Suppose 0 = 4*g - 5*o - 180 - 1, 5*o = -4*g + 211. Let s = 23 - -22. Let f = g - s. Let k(i) = -2*i + 4. Calculate k(f).
-4
Let d = 121 - 158. Let g(k) = -8*k - 311. Let l be g(d). Let x(w) = w + 15. Calculate x(l).
0
Let s(t) be the second derivative of t**3/3 + 2*t**2 + 164*t. What is s(7)?
18
Let x = 12786 - 12785. Let w(t) = -12*t**2 - t. Give w(x).
-13
Let y be (7/(-3))/(28/1764). Let v = -157 - y. Let x(g) be the second derivative of -g**3/6 - 6*g**2 - 12*g. Give x(v).
-2
Let u(g) = -3*g**2 - 4*g**2 + 3*g**2 + 17 + g**2. Let r(b) = 15*b**2 - 84. Let a(q) = 2*r(q) + 11*u(q). Let f(y) be the first derivative of a(y). Give f(1).
-6
Let o(u) = u**3 - 488*u + 122 + 12*u**2 + 991*u - 507*u. Determine o(-13).
5
Let q(g) = -2 + 16*g - 230*g**2 + 437*g**2 - 9 - 209*g**2. What is q(6)?
13
Let x(g) = 55 - 95 + 63 + 2*g. Calculate x(-12).
-1
Let r(u) be the second derivative of 5*u**3/3 + 51*u**2/2 - 3227*u. Calculate r(0).
51
Let b(c) = -43*c - 51. Let n(h) = 22*h + 20. Let l(a) = -2*b(a) - 5*n(a). Determine l(-1).
26
Let p(q) = -28*q**2 + q. Let m(d) = -d**3 - 21*d**2 + 50*d + 93. Let t be (-16 + (-6 - -3))/1 - 4. Let k be m(t). What is p(k)?
-27
Let p(q) = -14*q**3 - 4*q**2 - 42*q - 18. Let k(t) = 12*t**3 + 5*t**2 + 35*t + 16. Let x(y) = -6*k(y) - 5*p(y). Calculate x(-5).
-6
Suppose k + 20 = -3*z, k = -4*z + 9 - 35. Let w(b) = -13*b - 36. Let j be w(-3). Let s(v) = -44*v**2 + v**j + 4 - 6*v - 8 + 49*v**2. Give s(z).
-4
Suppose -20*i + 30 = -15*i. Let j be (i/(-7))/((-19)/798). Let g(k) = 7 - j*k**2 - 6*k + 35*k**2 + 3*k. Calculate g(-5).
-3
Let l be 4 + -1 - (-90)/(-15). Let a(y) = 13*y**3 + y**2 - 6*y + 7. Let o be a(2). Let d(s) = -104 - 3*s + o + 5*s. What is d(l)?
-7
Let m(z) be the first derivative of 10*z**3/3 - z**2/2 + 104*z + 65. Let r(i) be the first derivative of m(i). Calculate r(1).
19
Let z be (3 + 45/(-10))/((-21)/(-196)*1). Let w(a) = -a**2 - 15*a - 1. What is w(z)?
13
Let g = -8604 + 8604. Let z(b) = b**3 + 2*b**2 + b + 1. Determine z(g).
1
Suppose 4*z + 0 = -4*q - 4, 4*z + q + 19 = 0. Let l(g) = 4*g - 7. Let u be l(4). Let v(o) = u*o**2 - o**2 + 2 - 2*o**2 + 0*o**2 - o + o**3. Determine v(z).
8
Let u(b) be the first derivative of 3*b**2/2 - 4*b - 1193. Suppose a + 0*a + m + 3 = 0, 0 = 4*a - m - 13. What is u(a)?
2
Let d be -4 - (22 + -2)/(-4). Let j(s) = 2*s**2 + s + 1. Let y(h) = 7*h**2 - 4*h - 16. Let c(m) = d*y(m) - 3*j(m). Determine c(9).
-1
Let h(b) = -16*b**2 + 5*b**2 - 1 + 4*b**2. Let k = -503 + 504. Calculate h(k).
-8
Let f(z) = z - 25. Let d(k) = -2*k + 33. Let c(w) = 5*d(w) + 4*f(w). Calculate c(10).
5
Let k(a) = a**3 + 2*a**2 - 4*a + 3. Let o(g) = -5*g**3 + 24*g - 7. Let m(f) = -4*k(f) - o(f). Give m(9).
4
Let b(f) = -3 - 25 - 36 - 13 + 3 - 4*f. What is b(-17)?
-6
Let v(r) = 43*r + 132*r**2 + 39 - 4*r + r - r**3 + 45*r - 172*r**2. Calculate v(-42).
-3
Suppose y = -1309 + 1311. Let c(w) be the third derivative of 1/6*w**3 - 1/60*w**5 + 0*w - 1/12*w**4 - 6*w**y + 0. Give c(2).
-7
Let y(o) be the second derivative of -o**4/12 + 3*o**3/2 - 4*o**2 + o. Suppose 40*i + 256 = -25*i + 711. What is y(i)?
6
Suppose -2*f = -4*d - 14, 5*d + 2 + 8 = f. Suppose 2*b = 4, 5*t = 4*b - f*b + 17. Let a(i) = 4*i. Determine a(t).
12
Let t(a) be the third derivative of -a**5/60 + a**4/3 + 2*a**3 + 1931*a**2. Determine t(10).
-8
Let z(g) = -g**3 + 24*g**2 + 2*g - 47. Let o be z(24). Suppose -o = -0*w + w + 4*j, 6 = w - 3*j. Let v(i) = 6*i - 3. What is v(w)?
15
Suppose 77 = 6*h - 253. Let c be (-20)/(-6) - h/165. Let w(o) = -o**2 + 6*o - 2. Calculate w(c).
7
Let b = 6416 - 6423